).
233
Let o(w) = -1791*w - 231045. Calculate o(-129).
-6
Let u(c) = 44*c**2 - 210*c - 92. Calculate u(5).
-42
Let g(o) = o**3 - 23*o**2 - 22*o + 14. Determine g(24).
62
Let b(o) = 274*o**2 + 31784*o + 2. What is b(-116)?
2
Let x(u) = 2*u - 172. Give x(-71).
-314
Let j(p) = 2*p**2 - 16*p - 356. What is j(18)?
4
Let n(u) = 782*u + 1492. Calculate n(-2).
-72
Let g(o) = -o**2 + 24*o + 47. Calculate g(0).
47
Let w(x) = -2*x + 27. What is w(12)?
3
Let r(y) = y**2 + 41*y - 6. What is r(0)?
-6
Let h(t) = 8*t**3 + 14*t**2 + 13*t + 11. Calculate h(-3).
-118
Let a(u) = -u**3 + 48*u**2 - 577*u + 84. Determine a(23).
38
Let q(d) = 2*d**3 - 95*d**2 + 46*d - 38. What is q(47)?
-85
Let k(m) = m**2 + 327*m - 1326. Calculate k(4).
-2
Let f(q) = 5*q - 223. Give f(6).
-193
Let b(c) = 19*c + 18. Determine b(-25).
-457
Let k(z) = -6*z + 172. Give k(11).
106
Let b(u) = u**3 - 18*u**2 - 601*u + 214. Give b(35).
4
Let n(k) = -k**2 + 4*k + 76. What is n(-9)?
-41
Let m(d) = 97*d**3 - 5*d**2 + 11*d + 13. Calculate m(-1).
-100
Let z(c) = -538*c + 51134. Give z(95).
24
Let y(l) = l**3 - 9*l**2 + 32*l - 24. What is y(6)?
60
Let s(n) = 2*n**2 + 42*n + 63. What is s(-20)?
23
Let g(x) = -5*x**3 + 57. Give g(0).
57
Let n(p) = -18*p**3 - 12*p**2 + 47*p - 10. Calculate n(3).
-463
Let m(h) = 6426*h - 70691. Calculate m(11).
-5
Let z(q) = -5*q**3 + q**2 + 4*q + 11. What is z(0)?
11
Let n(i) = 9*i**2 - 56*i + 5. Determine n(10).
345
Let d(r) = r**3 - 6*r**2 + 5*r + 3. What is d(4)?
-9
Let m(w) = 114*w - 692. Determine m(5).
-122
Let j(n) = 7*n**2 + 35*n + 32. Give j(-4).
4
Let v(t) = -473*t - 5682. Calculate v(-12).
-6
Let g(o) = -17*o + 372. What is g(21)?
15
Let p(k) = 353*k**2 - 1422*k + 59. Give p(4).
19
Let p(y) = -97*y - 1367. Give p(-14).
-9
Let p(a) = 35*a - 565. Calculate p(8).
-285
Let n(a) = 162*a - 13283. What is n(82)?
1
Let y(t) = -4*t**2 - 59*t + 33. Give y(-15).
18
Let d(u) = -u**3 + 53*u**2 - 405*u - 1080. What is d(43)?
-5
Let x(w) = 14*w**3 + 6*w**2 + 1. Calculate x(-2).
-87
Let c(x) = -62*x - 562. Calculate c(-11).
120
Let g(i) = -i**2 - i + 8. Determine g(1).
6
Let u(t) = 37*t + 353. What is u(-9)?
20
Let c(h) = -h**3 + 20*h**2 + 7*h - 27. Give c(20).
113
Let j(l) = -l**3 - 25*l**2 - 9*l + 850. What is j(-23)?
-1
Let y(w) = w**3 + 41*w**2 + 45*w - 102. Determine y(-40).
-302
Let x(t) = 56*t**2 - 222*t - 443. Calculate x(-2).
225
Let n(l) = -2*l**2 - 37*l - 4. What is n(-13)?
139
Let f(r) = -r**2 - 65*r + 1774. Give f(20).
74
Let o(p) = -141*p - 2365. Give o(-17).
32
Let y(q) = -q**3 + 3*q**2 + 19*q + 60. What is y(-4)?
96
Let q(w) = w - 147. Determine q(-16).
-163
Let b(h) = -35*h**2 + 243*h - 2. What is b(7)?
-16
Let r(a) = -16*a + 1325. Give r(78).
77
Let w(n) = 42*n - 172. Give w(5).
38
Let z(p) = p**3 + 2*p**2 + 2*p - 13. What is z(-4)?
-53
Let a(o) = -o**2 - 3*o + 469. Determine a(-16).
261
Let l(g) = 167*g - 662. Determine l(4).
6
Let a(u) = -u**2 - 19*u + 256. Give a(-19).
256
Let d(z) = 6*z**2 + 27*z - 8. Calculate d(-5).
7
Let f(h) = h**3 + 12*h**2 - 6*h + 12. Calculate f(-13).
-79
Let k(u) = -u**3 + 191*u**2 - 5086*u - 313. Determine k(159).
5
Let y(f) = 2*f**2 + 33*f - 5857. Calculate y(-63).
2
Let u(k) = 47*k**2 + 383*k - 359. What is u(-9)?
1
Let i(j) = -467*j + 4950. Give i(11).
-187
Let i(l) = 2*l**2 + 138*l + 84. Determine i(-69).
84
Let c(v) = -v**3 + 32*v**2 - 421*v + 13469. Give c(32).
-3
Let v(s) = s**2 + 30*s + 154. Calculate v(-31).
185
Let h(q) = -402*q + 1616. What is h(4)?
8
Let z(m) = -m**3 + 9*m**2 - 12*m + 3. Determine z(7).
17
Let v(f) = f**2 + 162*f + 2204. Determine v(-15).
-1
Let l(x) = -x**2 - 79*x + 1193. Give l(-92).
-3
Let w(u) = -1205*u + 1233. Determine w(1).
28
Let k(v) = -v**3 - 47*v**2 + 70*v + 156. Calculate k(-48).
-900
Let n(j) = -8*j**2 + 18*j + 36. Calculate n(6).
-144
Let y(v) = -v**3 + 7*v**2 + 12*v - 72. Give y(7).
12
Let k(d) = 4*d**2 + 138*d + 887. Give k(-26).
3
Let g(v) = -5*v**2 - 73*v - 241. Determine g(-5).
-1
Let l(a) = 70*a**2 - 3*a - 1. Determine l(-1).
72
Let o(z) = -2*z**2 - 19*z - 37. Give o(-8).
-13
Let a(w) = w**3 + 26*w**2 - 270*w + 26. Calculate a(-34).
-42
Let p(z) = 2*z**3 + 9*z**2 - 41*z + 124. Calculate p(-8).
4
Let z(g) = g**3 - 6*g**2 - 13*g - 15. Give z(9).
111
Let q(x) = x**3 - 150*x**2 - 3435*x + 5955. Calculate q(170).
5
Let t(z) = -z**3 + 16*z**2 - 36*z - 33. Give t(13).
6
Let q(r) = -r**2 + 7*r - 25. Give q(8).
-33
Let h(a) = -a**2 + 64*a - 792. Give h(47).
7
Let q(h) = 3*h**2 + 154*h + 699. Determine q(-5).
4
Let p(t) = 426*t + 4. Determine p(0).
4
Let i(f) = f**2 + 910*f + 9005. Determine i(-10).
5
Let o(k) = 10*k - 330. Give o(23).
-100
Let d(v) = -2*v**2 - 612*v - 4185. Determine d(-7).
1
Let w(f) = -836*f + 844. Give w(1).
8
Let s(t) = -t + 1. What is s(31)?
-30
Let r(b) = -56*b - 1525. Calculate r(-27).
-13
Let z(b) = -259*b**3 - 2*b**2 - 3*b + 3. Give z(1).
-261
Let s(f) = 15*f**3 + 435*f**2 + f + 26. Give s(-29).
-3
Let u(q) = 18*q**2 + 41*q + 1. Give u(2).
155
Let i(m) = -m**3 - 5*m**2 + 16*m + 70. Calculate i(-3).
4
Let v(l) = 135*l + 406. Determine v(-3).
1
Let d(h) = h**2 + 26*h - 34. Calculate d(-30).
86
Let h(q) = q**3 - q**2 - q - 9. Determine h(-3).
-42
Let m(z) = -29*z**3 - 15*z**2 - 28*z + 1. Give m(-3).
733
Let a(x) = 33*x**3 + 2*x**2 - x - 3. Give a(-1).
-33
Let n(q) = -q**3 + 7*q**2 + 31*q - 158. What is n(8)?
26
Let v(t) = -t**3 + 93*t**2 + 286*t + 200. What is v(96)?
8
Let q(y) = -y**3 - 5*y**2 - 27*y - 282. Calculate q(-7).
5
Let r(f) = -446*f - 119519. Give r(-268).
9
Let c(h) = h**3 + 13*h**2 - 40*h + 18. Give c(4).
130
Let v(y) = y**3 + 59*y**2 + 306*y + 10. Determine v(-5).
-170
Let g(b) = b**2 - 49*b + 418. Determine g(11).
0
Let n(m) = 4*m**3 + m**2 - 8*m + 14. What is n(2)?
34
Let i(z) = -57*z - 232. Give i(-9).
281
Let n(l) = -133*l + 1844. What is n(14)?
-18
Let u(j) = j**2 + 105*j + 787. What is u(-9)?
-77
Let v(l) = -13*l**2 - 45*l - 8. Calculate v(-4).
-36
Let b(g) = 24*g + 40. Give b(-4).
-56
Let t(y) = -y**2 - 40*y - 344. Calculate t(-15).
31
Let d(z) = z**2 + 60*z - 465. Calculate d(7).
4
Let c(b) = b**3 + 47*b**2 + 43*b - 159. Give c(-46).
-21
Let w(f) = f**2 + 27*f - 34. Give w(-15).
-214
Let z(d) = -15*d**2 + 4*d - 16. What is z(3)?
-139
Let u(m) = 5*m**2 - 117*m + 59. Calculate u(23).
13
Let q(d) = d**3 + 4*d**2 - 3*d - 20. Determine q(-6).
-74
Let i(h) = -h**3 + 9*h**2 + 47*h - 10. Give i(12).
122
Let v(n) = 2*n**3 + 31*n**2 - 43*n + 95. Determine v(-17).
-41
Let i(d) = -d**2 + 1033*d - 5181. Calculate i(5).
-41
Let i(h) = h**3 + 10*h**2 - 81*h - 39. Calculate i(-16).
-279
Let n(s) = -381*s - 2669. Calculate n(-7).
-2
Let z(s) = -s**3 + 5*s**2 + 22*s - 106. What is z(6)?
-10
Let d(a) = a**3 + 37*a**2 - 2*a - 25. Give d(-37).
49
Let c(j) = -3*j**2 + 13*j + 30. Give c(-2).
-8
Let n(j) = 2351*j - 7036. Give n(3).
17
Let l(j) = 229*j - 508. What is l(2)?
-50
Let d(w) = 2*w**2 - 23*w - 1235. What is d(31)?
-26
Let b(c) = 410*c - 1227. Determine b(3).
3
Let j(b) = 4*b**3 - 14*b**2 - 57*b + 260. Determine j(4).
64
Let y(x) = -2*x**3 + 216*x**2 - 216*x + 214. Calculate y(107).
0
Let a(t) = -255*t**2 - 54*t - 106. Give a(-2).
-1018
Let h(d) = -65*d - 1440. Give h(-22).
-10
Let o(d) = -d**2 - 1178*d - 16295. What is o(-14)?
1
Let s(f) = f**2 + 43*f + 341. Give s(-22).
-121
Let f(s) = -37440*s + 224635. What is f(6)?
-5
Let o(j) = j**2 + 36*j - 408. What is o(9)?
-3
Let j(y) = -y**2 + 145*y - 4885. Give j(94).
-91
Let j(t) = -155*t - 33. What is j(2)?
-343
Let i(s) = -2*s**2 + s - 12. Give i(0).
-12
Let t(n) = -n**2 - 34*n + 5910. Give t(-96).
-42
Let j(s) = s**3 + 15*s**2 + 55*s - 16. Give j(-10).
-66
Let d(g) = g**2 + 24*g + 122. Calculate d(-6).
14
Let w(j) = 103*j + 1683. What is w(-16)?
35
Let l(v) = 233*v**3 + v**2 + 7*v - 9. Calculate l(1).
232
Let n(d) = 191*d - 1043. Calculate n(5).
-88
Let q(b) = b**3 - 30*b**2 + 106*b - 42. Calculate q(3).
33
Let c(k) = k**3 - 7*k**2 - 15*k + 25. Give c(8).
-31
Let l(g) = -g**2 - 40*g + 178. Give l(4).
2
Let d(g) = -18*g**2 - 54*g + 9. Give d(0).
9
Let b(l) = -96*l**3 - 12*l**2 + 18*l - 3. What is b(1)?
-93
Let q(n) = -12*n**2 + 74*n + 74. Give q(-1).
-12
Let f(v) = 75*v + 448. Calculate f(-6).
-2
Let v(d) = -5*d**2 + 7*d + 6. What is v(-1)?
-6
Let a(o) = -5*o**2 + 57*o - 169. Determine a(8).
-33
Let a(